-15*s - 79 + 4. Calculate y(s).
-20
Let k(d) = 5*d**3 - 11*d**2 - 12*d + 2. Let h(y) = -9*y**3 + 21*y**2 + 23*y - 3. Let b(p) = 6*h(p) + 11*k(p). Calculate b(-4).
-4
Let o(w) be the first derivative of -w**2 - 5*w - 10. Determine o(-4).
3
Let u be (-10)/(-45) - (-34)/9. Let z(b) = -b**2 + 7*b - 5. What is z(u)?
7
Let m(u) be the third derivative of u**6/120 - 7*u**5/60 + u**4/4 + 7*u**3/6 + u**2. Let b be ((-12)/(-10))/(1/5). Determine m(b).
7
Suppose -3*r + 9 + 0 = -2*b, 4*r - 17 = b. Let v(f) = -3*f + 3*f**2 - f - 3 + f**b + 0 - f. Suppose 5*p - 9 + 29 = 0. Determine v(p).
1
Let c(u) = -u**2 - 5*u - 3. Let f be (2/6)/((-5)/75). Determine c(f).
-3
Let u(z) = z**2 + 8*z + 6. Let i be u(-6). Let p = 9 + i. Let q(a) = a - 3. Let j(o) = 15*o - 48. Let m(x) = 2*j(x) - 33*q(x). Give m(p).
-6
Let r(i) = -2 + 3 + 3*i**2 + 7*i - 2*i**2 - 2*i. What is r(-6)?
7
Let l(v) = v + 9. Let c = -4 + -4. Calculate l(c).
1
Let f(z) be the third derivative of 0*z - 1/6*z**3 + 0 + z**2 + 1/12*z**4 + 1/20*z**5. Suppose -7*l - 16 = -2. What is f(l)?
7
Let s = -126 - -130. Let n(k) = k**3 - 3*k**2 - 4*k + 3. What is n(s)?
3
Let r(c) = 6*c - 69. Let n(y) = y - 10. Let t(k) = -k + 1. Let q be t(-3). Let o(z) = q*r(z) - 27*n(z). Calculate o(-4).
6
Let o(x) be the third derivative of -5/6*x**3 + 0 + 1/60*x**5 + x**2 + 5/24*x**4 + 0*x. Let d = 13 - 18. What is o(d)?
-5
Let k(s) = s**2 + 3*s - 8. Let a(d) = -3*d**2 - 7*d + 16. Let o(j) = 2*a(j) + 5*k(j). Calculate o(0).
-8
Suppose -2*b + 3*b - 2 = 0. Let t(q) = b*q - 6*q + 2*q**2 - 4 + q**3 + q. Let w(n) = -n**3 - 6*n**2 - 3*n + 7. Let l be w(-5). What is t(l)?
-4
Let u be (3/2)/(69/(-184)). Let n(p) = p**3 + 4*p**2 + p + 1. What is n(u)?
-3
Let i(l) = l**3 + 7*l**2 - 6*l + 7. Let m(b) = -b**3 - 7*b**2 + 4*b - 6. Let q(y) = 4*i(y) + 5*m(y). What is q(-6)?
-14
Let g(d) = d**3 - 4*d**2 - 5. Let l be g(4). Let t(m) = -3*m**3 - 5*m**2 + 4*m - 3. Let u(x) = -x**3 - 3*x**2 + 2*x - 2. Let r(v) = l*u(v) + 3*t(v). Give r(-1).
3
Let y(b) be the first derivative of b**4/24 - b**3 - b**2 + 5. Let h(j) be the second derivative of y(j). What is h(7)?
1
Let x(g) = -g**2 - g - 1. Let y(b) = 3*b**2 + 5*b - 2. Let f(p) = 6*x(p) + y(p). Let n(d) = 2*d**2 + 2*d + 8. Let j(a) = -3*f(a) - 4*n(a). Calculate j(6).
-2
Suppose -a - 9*a - 20 = 0. Let w(f) be the second derivative of -1/2*f**2 + 0 - f + 0*f**3 + 0*f**4 + 1/20*f**5. What is w(a)?
-9
Let p(m) be the first derivative of -3*m**2/2 + 4*m - 1. Suppose 6 = -5*x - 9. Determine p(x).
13
Let a be (-38)/8 - (-2)/(-8). Let l(h) be the third derivative of -h**5/30 - 7*h**4/24 + h**3/6 - 119*h**2. Give l(a).
-14
Let m(r) = -2*r**2 - 8*r + 2. Let t(p) = -3*p**2 - 12*p + 3. Let y(x) = -8*m(x) + 5*t(x). Determine y(-3).
-4
Suppose -3*p + r - 1 = -4*p, 2 = p + 2*r. Let o(m) = -m**3 + m**2 - m + 1. Determine o(p).
1
Let u(o) be the first derivative of -o**2/2 - o + 1. Let z(c) = -c**2 - 6*c - 6. Let f be z(-4). Let s be 1 + (0 - f)*2. Give u(s).
2
Let h(w) = 7*w**3 - 11*w**2 + 2*w + 3. Let v(m) = m**3 - m**2. Let t(f) = h(f) - 6*v(f). Let p be 44/10 - (-4)/(-10). Determine t(p).
-5
Let d be ((-5)/15)/(4/6)*-6. Let m(b) be the first derivative of -1/2*b**2 - 2 + d*b. What is m(6)?
-3
Let m(s) be the first derivative of -4*s**2 + 1. Let k be 1 - (-1 - 4/(-4)). Give m(k).
-8
Let p(n) be the third derivative of -n**4/24 + n**3/6 + 7*n**2. Calculate p(2).
-1
Let r(x) = x**2 + 17*x - 23. Let b be r(-18). Let h(t) = -1 - 4 - 2*t + t. Determine h(b).
0
Let v(q) be the third derivative of q**5/60 - q**4/24 - 7*q**2. Let g(k) = -3*k**3 - k**2. Let l be g(-1). What is v(l)?
2
Let d be (-3)/(-2) - 19/2. Let x = d - -12. Suppose -x*v + 8 = -2*v. Let p(w) = -w**3 + 5*w**2 - 4*w + 3. Give p(v).
3
Let t be 4/(-10) + (-8)/5. Let k(d) be the first derivative of d**4/4 + d**3 + d**2 + 2*d + 1. Determine k(t).
2
Let z(b) = -10*b - 12*b + 40*b - 19*b. Determine z(8).
-8
Let g = -3 - -3. Let z(p) be the third derivative of -p**6/120 - p**5/60 + p**4/24 - 5*p**3/6 + 7*p**2. What is z(g)?
-5
Let y be (-112)/21 + 10/(-15). Let x(z) = -z**2 + 7*z + 2. Let a be x(7). Let n(t) = 8 + t - a - 2. What is n(y)?
-2
Let z(t) be the first derivative of -t**2/2 + 6*t - 84. Suppose 2*b - 12 = -4*f, 2*f + 25 - 1 = 4*b. What is z(b)?
0
Suppose -3*w - t = -2*w - 2, -4*w + t + 18 = 0. Let y(s) be the first derivative of 0*s**3 - 5/4*s**w + s - 2 + 1/2*s**2. Calculate y(-1).
5
Let d(k) = k**3 + 2*k**2 - 4*k - 4. Let t be d(-3). Let b(q) = 3*q + 2. Let m(i) = -4*i - 1. Let y(z) = 2*b(z) + 3*m(z). Calculate y(t).
7
Suppose 16 = 4*i - 4. Let c(b) = -b - i*b + 4*b. Suppose -6*d = -3*d + 9. Give c(d).
6
Let j be ((-3)/(-1))/(-6 - -5). Let i(m) = -m - 1. Let p(z) = -z + 3. Let d(b) = -i(b) - p(b). Give d(j).
-8
Suppose -3*m - 7 = -5*o - m, 4*o = 4*m + 8. Let p(t) = 4*t**2 + 3*t - 7. Let f(h) = -h**2 - h + 1. Let z(q) = o*p(q) + 6*f(q). What is z(-2)?
-3
Let l(g) = -g**2 - 3*g + 0*g + 3 + 5. Let k(c) = -c**3 + 2*c**2 + 6*c + 2. Let u be k(4). Calculate l(u).
-10
Suppose -15 = -4*d + 13. Let f(p) be the first derivative of -p**3/3 + 3*p**2 + 3*p - 1. Let g be f(d). Let z(a) = -a**2 - 5*a - 2. What is z(g)?
2
Let u(x) = -4 - 3*x + 4*x + 2*x - x**2 + x. Let a(b) = b + 13. Let n be a(-8). Suppose -3*c + n = -4. Give u(c).
-1
Suppose -3*y - 2*y + 25 = 0. Let b(o) = y + 5*o - 15*o + 6*o + 5*o. What is b(-5)?
0
Let n(o) = o**2 - o**2 - 2 + 4*o - 2*o**2. Let p(l) = -3*l + 0*l - 2*l**2 + 6*l - 3. Let x(f) = 3*n(f) - 2*p(f). Determine x(4).
-8
Let h(l) be the second derivative of -l**6/720 + l**5/15 - l**4/12 - 2*l. Let d(p) be the third derivative of h(p). Give d(6).
2
Let c be (-225)/35 - 2/((-14)/3). Let o(x) be the first derivative of x**2/2 - 8*x - 2. What is o(c)?
-14
Let c = -12 + 9. Let i be 2 + 0 + c + 4. Let t(m) = -m**2 + 3*m + 4. Determine t(i).
4
Let h(r) = -r**3 - 4*r**2 + 2*r + 5. Let b = 25 + -35. Let s = -6 - b. Let g(w) = -w**2 + 2*w + 4. Let t be g(s). Determine h(t).
-3
Let z = 5 - 3. Let p(u) = -2 + z*u**2 - 5*u + 1 + 4*u. Suppose 2*b - 6 = -10. Calculate p(b).
9
Let s(l) = l**3 + l**2. Let j be 0*(-4 - (3 + -2 + -4)). Give s(j).
0
Suppose -5*f = -13 - 12. Let b(y) = -f - y**3 + 2*y**3 + 6*y**2 - y + 6*y. Suppose a - 5 = 0, 0 = -0*x - 5*x + 3*a - 40. Give b(x).
-5
Let v(t) = -t**3 + 3*t**2 + 2*t**2 - 3*t + 0*t**3. Let w(i) = 3*i**2 + i. Let r be w(1). Determine v(r).
4
Let v be (-14)/49 + (-65)/(-7). Let f(l) = 2*l - 12. Let h be f(v). Let x(p) = p**2 - 5*p - 3. Calculate x(h).
3
Let f(q) = -3 + q**3 - 4*q + q**3 - 4*q**2 + 5*q**3 - 8*q**3. What is f(-4)?
13
Let y(f) = -2*f + 1. Let m(n) = -n - 3. Suppose j + 2*x = -2*j - 11, -3*x - 12 = 3*j. Let b be m(j). Suppose 2*t + 2*o - 8 = b, -o + 2 = -3*o. Give y(t).
-9
Let l(c) = 3*c - 1. Let r(p) = -p**2 - 10*p - 10. Let t be r(-9). Give l(t).
-4
Let n be 1*(10/5 + 1). Let k(v) = 2*v**2 - 4*v + 2. What is k(n)?
8
Let a(l) = -l**3 + 8*l**2. Let c be a(8). Let g be (1 + -1)/(c + 1). Let r(m) = -2*m**3 + 2*m**3 + m**2 - m**3 + 6. Determine r(g).
6
Let a(t) = -7*t - 2. Let m be a(-1). Let y(f) = -f + 1. Let o be y(1). Let g = o + m. Let l(v) = -v + 4. Give l(g).
-1
Suppose 84 = 25*d - 11*d. Let x(y) = -y**2 + 9*y - 6. Give x(d).
12
Let g(n) = -n**3 + 7*n**2 + 2*n + 3. Let r = -26 - -33. Give g(r).
17
Let k(z) be the first derivative of 1/2*z**2 + 3 + 2*z. Let l be 5/(-1)*(-4)/(-5). Give k(l).
-2
Let c be (-1)/((-1)/(2 + 2)). Let b = c + -5. Let k(p) = p. Calculate k(b).
-1
Let w be 10/8*(-26)/65*-12. Let c(o) = o - 1. Let k(d) = d**2 - 13. Let i(z) = 6*c(z) - k(z). Determine i(w).
7
Let r(a) be the first derivative of a + 1/2*a**2 - 3. Determine r(3).
4
Let n(f) be the first derivative of f**4/4 - 4*f**3/3 + f**2 + f + 6. Give n(3).
-2
Let h(b) = -4 + b - 3*b + 7. Give h(-3).
9
Let k(c) be the first derivative of -c**2/2 + 8*c - 1. Let d be ((-8)/(-12))/((-2)/(-15)). Suppose -2*l - d*g = 3, -l + 5*g = g - 18. What is k(l)?
2
Suppose 25*u - 32*u + 35 = 0. Let g(l) = -l**2 + 5*l - 4. Determine g(u).
-4
Suppose o + 0*o = g, 0 = -4*o - 4*g. Suppose -h = 3*x - 8, -3*x + o = 2*h - 4. Let b(f) = 2*f - 5. Determine b(x).
3
Let c(u) = u**3 - 3*u**2 - 2. Suppose -33 = -5*j - 2*f, j = -j - 5*f + 9. Let t be (-14)/j + 0 + 2. Let d = t - -3. Give c(d).
-2
Let q be (-1 + 0/1)*0. Let z(b) = 2 - b + q*b - 1. Le